r of 108536 and 164?
4
What is the highest common divisor of 20302777 and 22?
11
Calculate the greatest common factor of 12508758 and 237846.
4854
Calculate the greatest common divisor of 219 and 30557581.
73
Calculate the greatest common divisor of 371 and 2417701.
53
What is the highest common factor of 50 and 634275590?
10
What is the highest common divisor of 23839 and 130076?
31
Calculate the greatest common factor of 4146 and 72122434.
1382
What is the greatest common factor of 52 and 4434484?
4
Calculate the greatest common divisor of 25662672 and 288.
144
Calculate the greatest common factor of 90242990 and 50.
10
Calculate the greatest common divisor of 506048 and 248.
8
Calculate the highest common factor of 24168791 and 69.
23
Calculate the highest common divisor of 526 and 57317168.
526
What is the highest common divisor of 277304 and 92582?
34
What is the greatest common divisor of 18176 and 96864448?
4544
What is the greatest common divisor of 82103951 and 161?
23
What is the highest common divisor of 2124 and 5291712?
36
What is the greatest common divisor of 644 and 27830069?
23
Calculate the greatest common divisor of 120 and 2428240.
40
What is the greatest common factor of 77104 and 3686962?
122
What is the highest common divisor of 64 and 16909344?
32
Calculate the highest common divisor of 7963 and 592.
1
Calculate the highest common divisor of 68076 and 99324.
1116
Calculate the greatest common divisor of 143 and 561448459.
143
What is the highest common factor of 2903862 and 4056?
78
Calculate the greatest common divisor of 592 and 2211860.
148
What is the highest common factor of 31470 and 2160?
30
What is the highest common factor of 128409 and 511775?
1861
What is the greatest common factor of 166933 and 806?
13
Calculate the greatest common factor of 5244 and 3355476.
228
What is the highest common factor of 19999294 and 112?
14
Calculate the highest common factor of 387673208 and 86.
86
What is the greatest common divisor of 5371 and 149322?
41
What is the highest common factor of 58878662 and 89?
89
What is the highest common divisor of 12733770 and 5610?
30
What is the greatest common divisor of 32484050 and 28106?
2162
Calculate the highest common factor of 60503376 and 264.
24
Calculate the highest common factor of 6760 and 7174388.
676
What is the highest common factor of 2602895 and 1129675?
3095
What is the greatest common factor of 33532 and 7404916?
404
What is the greatest common divisor of 6252 and 26330298?
3126
Calculate the highest common divisor of 28754831 and 2021.
43
What is the greatest common factor of 52 and 30657471?
13
Calculate the greatest common factor of 18780096 and 272.
16
What is the highest common divisor of 113280 and 1358352?
48
What is the highest common divisor of 32940 and 11669178?
366
Calculate the greatest common divisor of 10744 and 35223256.
632
Calculate the greatest common factor of 1290 and 3893650.
430
Calculate the highest common factor of 50752 and 295789.
793
What is the highest common factor of 201720 and 3138140?
820
What is the highest common factor of 378252 and 554580?
2844
What is the greatest common factor of 567 and 1584804123?
567
What is the highest common divisor of 907108 and 2732?
4
What is the highest common factor of 2588 and 2107926?
1294
Calculate the highest common factor of 2831806 and 253.
23
Calculate the greatest common factor of 162 and 3321936.
18
Calculate the greatest common divisor of 281187 and 352827.
1791
Calculate the highest common factor of 16 and 7370768.
16
What is the greatest common divisor of 96 and 3222096?
48
What is the greatest common divisor of 3510 and 16639290?
270
What is the highest common factor of 127449074 and 8226?
914
Calculate the highest common factor of 43561 and 120269.
127
Calculate the greatest common factor of 7888 and 121684.
116
What is the highest common divisor of 383 and 2167?
1
What is the highest common divisor of 12846737 and 3687?
1229
What is the highest common factor of 130 and 2345590?
130
Calculate the greatest common factor of 78850 and 107526168.
3154
Calculate the greatest common divisor of 68514 and 60.
6
Calculate the highest common divisor of 123 and 34650166.
41
Calculate the highest common factor of 32 and 39064448.
32
What is the greatest common factor of 9 and 7161297?
3
What is the highest common divisor of 4044502 and 112?
14
Calculate the greatest common factor of 3408402 and 1280262.
3378
Calculate the greatest common factor of 156 and 27751503.
39
Calculate the greatest common divisor of 28 and 100568594.
14
Calculate the highest common factor of 11299456 and 3920.
112
Calculate the highest common divisor of 101040 and 229320.
120
What is the highest common divisor of 4461403 and 354?
59
What is the greatest common factor of 5304 and 84913062?
1326
What is the greatest common factor of 1058814 and 51?
3
What is the greatest common divisor of 42408918 and 414?
414
Calculate the highest common divisor of 17174 and 15262700.
554
Calculate the greatest common factor of 5470 and 4118363.
547
What is the greatest common divisor of 124997 and 981671?
523
What is the highest common factor of 317083 and 1105?
13
Calculate the highest common factor of 741886 and 1012546.
694
Calculate the highest common divisor of 186264497 and 1277.
1277
What is the highest common divisor of 4433 and 18470947?
341
Calculate the greatest common divisor of 1026 and 852680898.
1026
Calculate the greatest common factor of 114 and 110641180.
38
What is the highest common divisor of 14845 and 1165?
5
Calculate the highest common divisor of 486396000 and 675.
225
Calculate the greatest common divisor of 4146 and 187822092.
4146
What is the greatest common factor of 102666 and 610212?
1446
What is the highest common divisor of 2220183 and 1785?
357
What is the greatest common factor of 4498158 and 14?
14
Calculate the greatest common factor of 2551828 and 174816.
2428
What is the greatest common divisor of 651427 and 5104?
29
Calculate the greatest common divisor of 1325 and 16166325.
1325
What is the highest common divisor of 1193125 and 17181?
1909
What is the highest common factor of 28800 and 239648?
32
Calculate the highest common factor of 19026091 and 1435.
287
Calculate the highest common factor of 19474 and 126519796.
2782
Calculate the greatest common factor of 1778636 and 1288.
92
Calculate the greatest common divisor of 3421216 and 3553.
323
Calculate the highest common divisor of 1981905 and 5.
5
Calculate the greatest common factor of 591425 and 697.
41
Calculate the highest common divisor of 1470 and 4527110.
490
Calculate the highest common divisor of 3882 and 5419919.
647
Calculate the greatest common factor of 395 and 701775.
5
Calculate the greatest common factor of 12460491 and 27.
9
What is the greatest common factor of 18401073 and 1486729?
7471
Calculate the greatest common factor of 1976 and 23247744.
104
Calculate the greatest common divisor of 2224 and 920319.
139
What is the greatest common divisor of 27447 and 21588?
21
What is the greatest common divisor of 460 and 3510700?
20
What is the highest common factor of 815 and 31417109?
163
What is the highest common factor of 38412 and 1068408?
396
Calculate the greatest common factor of 953833 and 103960.
2599
Calculate the greatest common factor of 415 and 2775935.
415
What is the highest common factor of 1049975 and 475?
25
Calculate the greatest common divisor of 86883915 and 15.
15
What is the greatest common divisor of 505215 and 16480?
515
What is the greatest common divisor of 3591 and 1225595?
133
Calculate the greatest common factor of 18222 and 71844.
6
Calculate the highest common factor of 381546 and 125433.
99
What is the greatest common factor of 1665065 and 36955?
95
Calculate the highest common divisor of 7073430 and 1560.
390
What is the greatest common divisor of 395 and 7891389?
79
What is the highest common factor of 1743040 and 6976?
64
What is the highest common factor of 14 and 13665603?
7
Calculate the highest common factor of 21465290 and 39302.
914
What is the highest common divisor of 17584 and 72576?
112
Calculate the greatest common factor of 550153120 and 15072.
5024
Calculate the greatest common divisor of 